ded by 23.
1
What is the remainder when 17334086 is divided by 7847?
63
What is the remainder when 290347 is divided by 285131?
5216
Calculate the remainder when 36055791 is divided by 507828.
3
Calculate the remainder when 166756 is divided by 165998.
758
Calculate the remainder when 3987512 is divided by 59.
56
Calculate the remainder when 51367 is divided by 57.
10
What is the remainder when 67036768 is divided by 802?
796
What is the remainder when 4141721 is divided by 2216?
17
What is the remainder when 41486 is divided by 2404?
618
Calculate the remainder when 75808 is divided by 15161.
3
What is the remainder when 642 is divided by 54?
48
Calculate the remainder when 87192 is divided by 6.
0
What is the remainder when 97268 is divided by 1650?
1568
What is the remainder when 13586984 is divided by 4528990?
14
Calculate the remainder when 230047 is divided by 45991.
92
What is the remainder when 11379596 is divided by 360?
356
Calculate the remainder when 12500843 is divided by 92.
67
Calculate the remainder when 193514 is divided by 1590.
1124
Calculate the remainder when 3503657 is divided by 1520.
57
Calculate the remainder when 115292841 is divided by 3708.
3705
What is the remainder when 314686 is divided by 5935?
131
Calculate the remainder when 36165 is divided by 163.
142
What is the remainder when 7151531 is divided by 4192?
4171
What is the remainder when 552263 is divided by 24003?
194
Calculate the remainder when 1326604 is divided by 7712.
140
Calculate the remainder when 8238811 is divided by 21071.
50
Calculate the remainder when 950968 is divided by 3.
1
What is the remainder when 10381039 is divided by 49199?
50
Calculate the remainder when 2878028 is divided by 959265.
233
Calculate the remainder when 15444175 is divided by 4.
3
What is the remainder when 96991 is divided by 94281?
2710
Calculate the remainder when 1362926 is divided by 346.
32
Calculate the remainder when 25284 is divided by 36.
12
Calculate the remainder when 7716615 is divided by 1429.
15
Calculate the remainder when 166765 is divided by 6660.
265
What is the remainder when 2964926 is divided by 751?
729
Calculate the remainder when 3230504 is divided by 16652.
16
What is the remainder when 40678066 is divided by 2453?
2420
Calculate the remainder when 9483023 is divided by 10900.
23
What is the remainder when 70085 is divided by 18?
11
What is the remainder when 29579 is divided by 1480?
1459
Calculate the remainder when 10307 is divided by 347.
244
Calculate the remainder when 227207597 is divided by 100.
97
What is the remainder when 4217574 is divided by 17573?
54
What is the remainder when 4193318 is divided by 51?
47
What is the remainder when 2638317 is divided by 879092?
1041
What is the remainder when 24257 is divided by 16?
1
Calculate the remainder when 1154982 is divided by 54978.
444
Calculate the remainder when 80419 is divided by 8621.
2830
Calculate the remainder when 999647 is divided by 287.
26
What is the remainder when 9818559 is divided by 3272709?
432
What is the remainder when 8250581 is divided by 2750183?
32
What is the remainder when 5231878 is divided by 108997?
22
Calculate the remainder when 3656496 is divided by 365647.
26
What is the remainder when 46948 is divided by 23040?
868
What is the remainder when 142245 is divided by 17723?
461
Calculate the remainder when 284455 is divided by 971.
923
What is the remainder when 4499853 is divided by 40?
13
Calculate the remainder when 2019801 is divided by 36033.
1953
What is the remainder when 1178031 is divided by 31832?
247
Calculate the remainder when 11501058 is divided by 5750515.
28
Calculate the remainder when 8802116 is divided by 430.
16
Calculate the remainder when 49779314 is divided by 17.
16
What is the remainder when 367589 is divided by 52486?
187
Calculate the remainder when 87227 is divided by 4152.
35
Calculate the remainder when 16247139 is divided by 113.
112
What is the remainder when 13410 is divided by 1288?
530
Calculate the remainder when 133301 is divided by 4035.
146
What is the remainder when 3752086 is divided by 938018?
14
What is the remainder when 9854908 is divided by 2752?
2748
What is the remainder when 185286 is divided by 2179?
71
Calculate the remainder when 1195190 is divided by 93.
47
Calculate the remainder when 1448264 is divided by 1033.
1031
What is the remainder when 591769 is divided by 166?
145
What is the remainder when 577278 is divided by 808?
366
What is the remainder when 99349 is divided by 153?
52
Calculate the remainder when 17185758 is divided by 1480.
1478
What is the remainder when 24130229 is divided by 39300?
29
Calculate the remainder when 78900787 is divided by 1213.
1202
What is the remainder when 27812 is divided by 12910?
1992
What is the remainder when 7872582 is divided by 356?
354
What is the remainder when 68182612 is divided by 34?
32
What is the remainder when 356556 is divided by 5671?
4954
What is the remainder when 663776 is divided by 354?
26
What is the remainder when 24893183 is divided by 384?
383
What is the remainder when 1493685 is divided by 71127?
18
What is the remainder when 1906693 is divided by 313?
210
What is the remainder when 14075559 is divided by 936?
927
What is the remainder when 234899 is divided by 2936?
19
What is the remainder when 62069 is divided by 19966?
2171
Calculate the remainder when 364296 is divided by 3645.
3441
What is the remainder when 3659802 is divided by 70?
62
Calculate the remainder when 31399444 is divided by 15699722.
0
What is the remainder when 191907 is divided by 63874?
285
What is the remainder when 383117311 is divided by 93?
91
Calculate the remainder when 15966679 is divided by 1037.
1027
What is the remainder when 1007306 is divided by 1869?
1784
What is the remainder when 167026 is divided by 54672?
3010
What is the remainder when 199212 is divided by 591?
45
Calculate the remainder when 18800777 is divided by 3812.
3805
Calculate the remainder when 108853 is divided by 34817.
4402
What is the remainder when 371664 is divided by 371661?
3
What is the remainder when 297073 is divided by 3254?
959
Calculate the remainder when 7121853 is divided by 5.
3
What is the remainder when 286598 is divided by 7345?
143
What is the remainder when 55987 is divided by 482?
75
What is the remainder when 228684 is divided by 495?
489
What is the remainder when 3379877 is divided by 134?
129
Calculate the remainder when 206543 is divided by 10856.
279
Calculate the remainder when 430391 is divided by 17918.
359
What is the remainder when 1418139 is divided by 196?
79
Calculate the remainder when 485648 is divided by 1928.
1720
Calculate the remainder when 15946482 is divided by 938028.
6
What is the remainder when 4656234 is divided by 186248?
34
What is the remainder when 7693116 is divided by 40?
36
What is the remainder when 25420708 is divided by 10?
8
Calculate the remainder when 1132315 is divided by 18256.
443
Calculate the remainder when 439222 is divided by 6272.
182
Calculate the remainder when 129373 is divided by 5146.
723
Calculate the remainder when 3963398 is divided by 792679.
3
Calculate the remainder when 2482819 is divided by 165521.
4
Calculate the remainder when 2640214 is divided by 406.
402
Calculate the remainder when 289679 is divided by 143510.
2659
Calculate the remainder when 1852041 is divided by 701.
700
Calculate the remainder when 358757 is divided by 1074.
41
What is the remainder when 31015155 is divided by 886147?
10
Calculate the remainder when 154078 is divided by 38516.
14
What is the remainder when 19605002 is divided by 408437?
26
What is the remainder when 2216374 is divided by 1850?
74
Calculate the remainder when 3942117 is divided by 3174.
9
Calculate the remainder when 83679725 is divided by 11.
8
Calculate the remainder when 3388386 is divided by 113.
81
Calculate the remainder when 1112003 is divided by 1607.
1566
Calculate the remainder when 479251 is divided by 208.
19
Calculate the remainder when 562158 is divided by 988.
974
Calculate the remainder when 355876 is divided by 177753.
370
What is the remainder when 856050 is divided by 85244?
3610
What is the remainder when 30497 is divided by 413?
348
Calculate 